{"id":14,"date":"2010-04-06T11:46:44","date_gmt":"2010-04-06T11:46:44","guid":{"rendered":"http:\/\/www.reretail.se\/?page_id=14"},"modified":"2021-01-20T15:17:06","modified_gmt":"2021-01-20T14:17:06","slug":"metod","status":"publish","type":"page","link":"http:\/\/www.reretail.se\/?page_id=14","title":{"rendered":"Re:vise metoden"},"content":{"rendered":"\n<p>B\u00e5de sm\u00e5 och st\u00f6rre, mer komplexa projekt st\u00e4ller stora krav p\u00e5 b\u00e5de oss och best\u00e4llaren. F\u00f6r att underl\u00e4tta processen och s\u00e4kerst\u00e4lla snabbare och kostnadseffektivare resultat har Re:retail utvecklat en arbetsprocess som kallas Re:vise. Denna process t\u00e4cker varje steg fr\u00e5n projektstart till uppf\u00f6ljning. Genom hela processen jobbar vi n\u00e4ra kunden med t\u00e4ta avst\u00e4mningar.<\/p>\n\n\n\n<p>RE:SEARCH<\/p>\n\n\n\n<p>I en v\u00e4rld med st\u00e4ndigt f\u00f6r\u00e4nderliga konsumentbeteende \u00e4r kunskap om kunden och marknaden avg\u00f6rande. I Re:search fasen tar vi fram projekt specifika underlag&nbsp; med hj\u00e4lp av kund- och marknadsanalyser, kommersiellutv\u00e4rdering av butiker och sortiment. Erfarenhet fr\u00e5n flera liknande processer har l\u00e4rt oss att denna f\u00f6rsta del \u00e4r otroligt viktig f\u00f6r framg\u00e5ngen av projektet. H\u00e4r s\u00e4tter vi \u00e4ven f\u00f6ruts\u00e4ttningar och ramar f\u00f6r resterande delar vilket ger oss b\u00e5de en tidsplan och en budget att f\u00f6lja.<\/p>\n\n\n\n<p>RE:THINK<\/p>\n\n\n\n<p>I Re:think fasen arbetas de strategiska och konceptuella f\u00f6ruts\u00e4ttningarna f\u00f6r projektet ut. F\u00f6r att s\u00e4kerst\u00e4lla att strategierna och att det konceptuella t\u00e4nket blir tydligt visualiseras dessa med hj\u00e4lp av mood boards och skisser.<\/p>\n\n\n\n<p>RE:DESIGN<\/p>\n\n\n\n<p>F\u00f6r att f\u00e5nga kunden intresse och uppm\u00e4rksamhet kr\u00e4vs kreativa och innovativa l\u00f6sningar tillsammans med en tydlig id\u00e9. I Re:design fasen utarbetas skisser och id\u00e9er och blir konkreta underlag som kan anv\u00e4ndas i produktion eller direkt i butik.<\/p>\n\n\n\n<p>RE:LAUNCH<\/p>\n\n\n\n<p>Det h\u00e4r \u00e4r startpunkten f\u00f6r lansering av det f\u00e4rdigst\u00e4llda konceptet. H\u00e4r f\u00f6ljer vi projektet tillsammans med projektledaren hos kunden och &nbsp;\u00e4r tillg\u00e4ngliga f\u00f6r lokal specifica anpassningar och justeringar.<\/p>\n\n\n\n<p>RE:FLECT<\/p>\n\n\n\n<p>I Re:flect fasen summeras hela projektet och allt sammanst\u00e4lls och dokumenteras. Med hj\u00e4lp av Re:vise processen kan vi s\u00e4kerst\u00e4lla att projektet h\u00e5ller den h\u00f6ga kvaliteten som dagens konsumenter kr\u00e4ver.<\/p>\n\n\n\n<p><br><\/p>\n\n\n\n<p><br><\/p>\n","protected":false},"excerpt":{"rendered":"<p>B\u00e5de sm\u00e5 och st\u00f6rre, mer komplexa projekt st\u00e4ller stora krav p\u00e5 b\u00e5de oss och best\u00e4llaren. F\u00f6r att underl\u00e4tta processen och s\u00e4kerst\u00e4lla snabbare och kostnadseffektivare resultat har Re:retail utvecklat en arbetsprocess som kallas Re:vise. Denna process [&hellip;]<\/p>\n","protected":false},"author":1,"featured_media":62,"parent":0,"menu_order":2,"comment_status":"closed","ping_status":"open","template":"","meta":[],"_links":{"self":[{"href":"http:\/\/www.reretail.se\/index.php?rest_route=\/wp\/v2\/pages\/14"}],"collection":[{"href":"http:\/\/www.reretail.se\/index.php?rest_route=\/wp\/v2\/pages"}],"about":[{"href":"http:\/\/www.reretail.se\/index.php?rest_route=\/wp\/v2\/types\/page"}],"author":[{"embeddable":true,"href":"http:\/\/www.reretail.se\/index.php?rest_route=\/wp\/v2\/users\/1"}],"replies":[{"embeddable":true,"href":"http:\/\/www.reretail.se\/index.php?rest_route=%2Fwp%2Fv2%2Fcomments&post=14"}],"version-history":[{"count":7,"href":"http:\/\/www.reretail.se\/index.php?rest_route=\/wp\/v2\/pages\/14\/revisions"}],"predecessor-version":[{"id":160,"href":"http:\/\/www.reretail.se\/index.php?rest_route=\/wp\/v2\/pages\/14\/revisions\/160"}],"wp:featuredmedia":[{"embeddable":true,"href":"http:\/\/www.reretail.se\/index.php?rest_route=\/wp\/v2\/media\/62"}],"wp:attachment":[{"href":"http:\/\/www.reretail.se\/index.php?rest_route=%2Fwp%2Fv2%2Fmedia&parent=14"}],"curies":[{"name":"wp","href":"https:\/\/api.w.org\/{rel}","templated":true}]}}